{"id":21,"date":"2011-02-03T18:16:20","date_gmt":"2011-02-03T18:16:20","guid":{"rendered":"http:\/\/www.zitos.sk\/karavaning\/?page_id=21"},"modified":"2011-02-05T11:11:52","modified_gmt":"2011-02-05T11:11:52","slug":"2005-2","status":"publish","type":"page","link":"https:\/\/www.zitos.sk\/karavaning\/navstivene-miesta\/2005-2","title":{"rendered":"2005 \u010ea\u0161ia mezin\u00e1rodn\u00e1 motokrosov\u00e1 s\u00fa\u0165a\u017e teraz na Slovensku ISDE"},"content":{"rendered":"<p style=\"text-align: center;\">Aj v tomto roku bola \u0161es\u0165d\u0148ov\u00e1 na\u00a0bl\u00edzku\u00a0a to v <a href=\"http:\/\/maps.google.com\/maps?f=q&amp;source=s_q&amp;hl=sk&amp;geocode=&amp;q=Pova%C5%BEsk%C3%A1+Bystrica,+Slovensk%C3%A1+republika&amp;aq=0&amp;sll=50.866645,20.629578&amp;sspn=1.36597,2.469177&amp;ie=UTF8&amp;hq=&amp;hnear=Pova%C5%BEsk%C3%A1+Bystrica,+Slovensk%C3%A1+republika&amp;ll=49.117029,18.448792&amp;spn=0.708288,1.234589&amp;z=10\" target=\"_blank\">Pova\u017eskej Bystrici<\/a>, ktor\u00fa sme si nemohli necha\u0165 ujs\u0165.<\/p>\n<p><div id='gallery-1' class='gallery galleryid-21 gallery-columns-3 gallery-size-thumbnail'><dl class='gallery-item'>\n\t\t\t<dt class='gallery-icon landscape'>\n\t\t\t\t<a href='https:\/\/www.zitos.sk\/karavaning\/wp-content\/uploads\/2011\/02\/CIMG4795.jpg'><img loading=\"lazy\" decoding=\"async\" width=\"150\" height=\"150\" src=\"https:\/\/www.zitos.sk\/karavaning\/wp-content\/uploads\/2011\/02\/CIMG4795-150x150.jpg\" class=\"attachment-thumbnail size-thumbnail\" alt=\"\" \/><\/a>\n\t\t\t<\/dt><\/dl><dl class='gallery-item'>\n\t\t\t<dt class='gallery-icon landscape'>\n\t\t\t\t<a href='https:\/\/www.zitos.sk\/karavaning\/wp-content\/uploads\/2011\/02\/CIMG4799.jpg'><img loading=\"lazy\" decoding=\"async\" width=\"150\" height=\"150\" src=\"https:\/\/www.zitos.sk\/karavaning\/wp-content\/uploads\/2011\/02\/CIMG4799-150x150.jpg\" class=\"attachment-thumbnail size-thumbnail\" alt=\"\" \/><\/a>\n\t\t\t<\/dt><\/dl><dl class='gallery-item'>\n\t\t\t<dt class='gallery-icon landscape'>\n\t\t\t\t<a href='https:\/\/www.zitos.sk\/karavaning\/wp-content\/uploads\/2011\/02\/CIMG4804.jpg'><img loading=\"lazy\" decoding=\"async\" width=\"150\" height=\"150\" src=\"https:\/\/www.zitos.sk\/karavaning\/wp-content\/uploads\/2011\/02\/CIMG4804-150x150.jpg\" class=\"attachment-thumbnail size-thumbnail\" alt=\"\" \/><\/a>\n\t\t\t<\/dt><\/dl><br style=\"clear: both\" \/><dl class='gallery-item'>\n\t\t\t<dt class='gallery-icon landscape'>\n\t\t\t\t<a href='https:\/\/www.zitos.sk\/karavaning\/wp-content\/uploads\/2011\/02\/CIMG6838.jpg'><img loading=\"lazy\" decoding=\"async\" width=\"150\" height=\"150\" src=\"https:\/\/www.zitos.sk\/karavaning\/wp-content\/uploads\/2011\/02\/CIMG6838-150x150.jpg\" class=\"attachment-thumbnail size-thumbnail\" alt=\"\" aria-describedby=\"gallery-1-70\" \/><\/a>\n\t\t\t<\/dt>\n\t\t\t\t<dd class='wp-caption-text gallery-caption' id='gallery-1-70'>\n\t\t\t\tV kempingu\n\t\t\t\t<\/dd><\/dl><dl class='gallery-item'>\n\t\t\t<dt class='gallery-icon landscape'>\n\t\t\t\t<a href='https:\/\/www.zitos.sk\/karavaning\/wp-content\/uploads\/2011\/02\/CIMG4942.jpg'><img loading=\"lazy\" decoding=\"async\" width=\"150\" height=\"150\" src=\"https:\/\/www.zitos.sk\/karavaning\/wp-content\/uploads\/2011\/02\/CIMG4942-150x150.jpg\" class=\"attachment-thumbnail size-thumbnail\" alt=\"\" aria-describedby=\"gallery-1-71\" \/><\/a>\n\t\t\t<\/dt>\n\t\t\t\t<dd class='wp-caption-text gallery-caption' id='gallery-1-71'>\n\t\t\t\tPark ferm\u00e9\n\t\t\t\t<\/dd><\/dl><dl class='gallery-item'>\n\t\t\t<dt class='gallery-icon landscape'>\n\t\t\t\t<a href='https:\/\/www.zitos.sk\/karavaning\/wp-content\/uploads\/2011\/02\/CIMG4948.jpg'><img loading=\"lazy\" decoding=\"async\" width=\"150\" height=\"150\" src=\"https:\/\/www.zitos.sk\/karavaning\/wp-content\/uploads\/2011\/02\/CIMG4948-150x150.jpg\" class=\"attachment-thumbnail size-thumbnail\" alt=\"\" aria-describedby=\"gallery-1-72\" \/><\/a>\n\t\t\t<\/dt>\n\t\t\t\t<dd class='wp-caption-text gallery-caption' id='gallery-1-72'>\n\t\t\t\tNa\u0161e deti\n\t\t\t\t<\/dd><\/dl><br style=\"clear: both\" \/>\n\t\t<\/div>\n<\/p>\n","protected":false},"excerpt":{"rendered":"<p>Aj v tomto roku bola \u0161es\u0165d\u0148ov\u00e1 na\u00a0bl\u00edzku\u00a0a to v Pova\u017eskej Bystrici, ktor\u00fa sme si nemohli necha\u0165 ujs\u0165.<\/p>\n","protected":false},"author":1,"featured_media":0,"parent":15,"menu_order":0,"comment_status":"closed","ping_status":"closed","template":"","meta":{"footnotes":""},"class_list":["post-21","page","type-page","status-publish","hentry"],"_links":{"self":[{"href":"https:\/\/www.zitos.sk\/karavaning\/wp-json\/wp\/v2\/pages\/21","targetHints":{"allow":["GET"]}}],"collection":[{"href":"https:\/\/www.zitos.sk\/karavaning\/wp-json\/wp\/v2\/pages"}],"about":[{"href":"https:\/\/www.zitos.sk\/karavaning\/wp-json\/wp\/v2\/types\/page"}],"author":[{"embeddable":true,"href":"https:\/\/www.zitos.sk\/karavaning\/wp-json\/wp\/v2\/users\/1"}],"replies":[{"embeddable":true,"href":"https:\/\/www.zitos.sk\/karavaning\/wp-json\/wp\/v2\/comments?post=21"}],"version-history":[{"count":14,"href":"https:\/\/www.zitos.sk\/karavaning\/wp-json\/wp\/v2\/pages\/21\/revisions"}],"predecessor-version":[{"id":27,"href":"https:\/\/www.zitos.sk\/karavaning\/wp-json\/wp\/v2\/pages\/21\/revisions\/27"}],"up":[{"embeddable":true,"href":"https:\/\/www.zitos.sk\/karavaning\/wp-json\/wp\/v2\/pages\/15"}],"wp:attachment":[{"href":"https:\/\/www.zitos.sk\/karavaning\/wp-json\/wp\/v2\/media?parent=21"}],"curies":[{"name":"wp","href":"https:\/\/api.w.org\/{rel}","templated":true}]}}