{"id":543,"date":"2011-02-05T14:54:58","date_gmt":"2011-02-05T13:54:58","guid":{"rendered":"http:\/\/www.zitos.sk\/karavaning\/?page_id=543"},"modified":"2026-02-07T12:16:45","modified_gmt":"2026-02-07T11:16:45","slug":"uzitocne-linky","status":"publish","type":"page","link":"https:\/\/www.zitos.sk\/karavaning\/uzitocne-linky","title":{"rendered":"U\u017eito\u010dn\u00e9 linky"},"content":{"rendered":"<div style=\"overflow:hidden;height:1px;\"><a href=\"https:\/\/www.thelondontriathlon.co.uk\/\">non gamstop sites<\/a><\/div>\n<p style=\"text-align: left;\">\n<p style=\"text-align: left;\">\n<p style=\"text-align: left;\">\n<p><span style=\"font-size: x-small;\"><span style=\"line-height: 19px;\"> <\/span><\/span><\/p>\n<p style=\"text-align: left;\"><span style=\"font-size: x-small;\"><span style=\"line-height: 19px;\"><span style=\"line-height: 19px;\"><br \/>\n<a style=\"line-height: 19px;\" href=\"http:\/\/www.axbenet.sk\"><img loading=\"lazy\" decoding=\"async\" class=\"alignnone size-full wp-image-1156\" style=\"border: 1px solid black;\" title=\"Cestovanie bez hran\u00edc\" src=\"http:\/\/www.zitos.sk\/karavaning\/wp-content\/uploads\/2011\/02\/axbenet2.png\" alt=\"\" width=\"144\" height=\"42\" \/> <\/a> <\/span><\/span><\/span><span style=\"font-size: x-small;\"><span style=\"line-height: 19px;\"><span style=\"line-height: 19px;\"><a href=\"http:\/\/www.caravan-ac.sk\/\"><img loading=\"lazy\" decoding=\"async\" class=\"alignnone size-full wp-image-1143\" title=\"caravan ac\" src=\"http:\/\/www.zitos.sk\/karavaning\/wp-content\/uploads\/2011\/02\/ac_logo4.jpg\" alt=\"\" width=\"244\" height=\"35\" \/><\/a> <a href=\"http:\/\/karavan.egallery.sk\/\"><img loading=\"lazy\" decoding=\"async\" class=\"alignnone size-full wp-image-1149\" title=\"karavan\" src=\"http:\/\/www.zitos.sk\/karavaning\/wp-content\/uploads\/2011\/02\/karavan.png\" alt=\"\" width=\"175\" height=\"26\" \/><\/a> <a href=\"http:\/\/www.dobrodruh.sk\"><img loading=\"lazy\" decoding=\"async\" class=\"alignnone size-full wp-image-1147\" title=\"Nap\u00e4tie a hist\u00f3ria v jednom\" src=\"http:\/\/www.zitos.sk\/karavaning\/wp-content\/uploads\/2011\/02\/dobrodruh2.jpg\" alt=\"\" width=\"121\" height=\"41\" \/><\/a> <\/span><\/span><\/span><a href=\"http:\/\/www.remarco.sk\"><img loading=\"lazy\" decoding=\"async\" class=\"size-full wp-image-1141 alignnone\" style=\"font-size: 13px; line-height: 19px; text-align: -webkit-auto;\" title=\"Poistenie pre Va\u0161e cestovanie\" src=\"http:\/\/www.zitos.sk\/karavaning\/wp-content\/uploads\/2011\/02\/remarco2.png\" alt=\"\" width=\"140\" height=\"36\" \/><\/a><span style=\"font-family: Georgia, 'Times New Roman', 'Bitstream Charter', Times, serif; font-size: 13px; line-height: 19px;\"><a href=\"http:\/\/www.caravaning.sk\/\"><img loading=\"lazy\" decoding=\"async\" class=\"alignnone size-full wp-image-1153\" title=\"SACC\" src=\"http:\/\/www.zitos.sk\/karavaning\/wp-content\/uploads\/2011\/02\/logosac32.png\" alt=\"\" width=\"200\" height=\"35\" \/><\/a> <\/span><span style=\"font-family: Georgia, 'Times New Roman', 'Bitstream Charter', Times, serif; font-size: 13px; line-height: 19px;\"><a href=\"http:\/\/www.caravan24.cz\/news.php\"><img loading=\"lazy\" decoding=\"async\" class=\"alignnone size-full wp-image-1145\" title=\"caravan24\" src=\"http:\/\/www.zitos.sk\/karavaning\/wp-content\/uploads\/2011\/02\/Logo_22.png\" alt=\"\" width=\"129\" height=\"27\" \/><\/a> <\/span><span style=\"font-family: Georgia, 'Times New Roman', 'Bitstream Charter', Times, serif; font-size: 13px; line-height: 19px;\"><a href=\"http:\/\/sk.camping.info\/\"><img loading=\"lazy\" decoding=\"async\" class=\"alignnone size-full wp-image-545\" title=\"camping\" src=\"http:\/\/www.zitos.sk\/karavaning\/wp-content\/uploads\/2011\/02\/camping1.jpg\" alt=\"\" width=\"80\" height=\"24\" \/><\/a> <a href=\"http:\/\/zajezdy.radynacestu.cz\/\"><img loading=\"lazy\" decoding=\"async\" class=\"alignnone size-full wp-image-1172\" title=\"poznavaci\" src=\"http:\/\/www.zitos.sk\/karavaning\/wp-content\/uploads\/2011\/02\/poznavci1.png\" alt=\"\" width=\"147\" height=\"34\" \/><\/a> <a href=\"http:\/\/www.karavan-forum.cz\/\"><img loading=\"lazy\" decoding=\"async\" class=\"alignnone size-full wp-image-1190\" title=\"Karavan forum\" src=\"http:\/\/www.zitos.sk\/karavaning\/wp-content\/uploads\/2011\/02\/logo-KF-320x148.jpg\" alt=\"\" width=\"80\" height=\"35\" \/><\/a><\/span><\/p>\n<p style=\"text-align: left;\"><span style=\"font-family: Georgia, 'Times New Roman', 'Bitstream Charter', Times, serif; font-size: 13px; line-height: 19px;\"><a style=\"font-size: 13px; line-height: 19px;\" href=\"http:\/\/www.camping-cars-caravans.cz\/\"><img loading=\"lazy\" decoding=\"async\" class=\"alignnone size-full wp-image-1244\" title=\"ccc\" src=\"http:\/\/www.zitos.sk\/karavaning\/wp-content\/uploads\/2011\/02\/Hlavicka3.jpg\" alt=\"\" width=\"141\" height=\"36\" \/><\/a> <a style=\"font-size: 13px; line-height: 19px;\" href=\"http:\/\/www.expedice-apalucha.cz\/\"><img loading=\"lazy\" decoding=\"async\" class=\"alignnone size-full wp-image-1348\" title=\"Expedice apalucha\" src=\"http:\/\/www.zitos.sk\/karavaning\/wp-content\/uploads\/2011\/02\/Expedice-apalucha.jpg\" alt=\"\" width=\"114\" height=\"74\" \/><\/a> <\/span><strong><a href=\"http:\/\/www.turcan-auto.sk\/?page=home\"><img loading=\"lazy\" decoding=\"async\" class=\"size-medium wp-image-1523\" title=\"Tur\u010dan\" src=\"http:\/\/www.zitos.sk\/karavaning\/wp-content\/uploads\/2011\/02\/Logo-TA-300x44.jpg\" alt=\"V\u00fdroba karavanov na mieru.\" width=\"180\" height=\"26\" srcset=\"https:\/\/www.zitos.sk\/karavaning\/wp-content\/uploads\/2011\/02\/Logo-TA-300x44.jpg 300w, https:\/\/www.zitos.sk\/karavaning\/wp-content\/uploads\/2011\/02\/Logo-TA-1024x151.jpg 1024w\" sizes=\"auto, (max-width: 180px) 100vw, 180px\" \/><\/a><\/strong><\/p>\n<p><span style=\"font-size: x-small;\"><span style=\"font-family: Georgia, 'Times New Roman', 'Bitstream Charter', Times, serif; font-size: 13px; line-height: 19px;\"> <\/span><\/span><\/p>\n<p style=\"text-align: center;\"><span style=\"font-size: x-small;\"><span style=\"line-height: 19px;\"> <\/span><\/span><\/p>\n<p class=\"ref-link\" style=\"margin: 15px 0;\"><strong>More info:<\/strong> <a href=\"https:\/\/sex.intim-moskva.one\/deshevye\" target=\"_blank\" rel=\"dofollow\" style=\"font-weight:bold;\">\u043f\u0440\u043e\u0441\u0442\u0438\u0442\u0443\u0442\u043a\u0438 \u043a\u043e\u043f\u0440\u043e \u043c\u043e\u0441\u043a\u0432\u0430<\/a><\/p>\n","protected":false},"excerpt":{"rendered":"<p>non gamstop sites More info: \u043f\u0440\u043e\u0441\u0442\u0438\u0442\u0443\u0442\u043a\u0438 \u043a\u043e\u043f\u0440\u043e \u043c\u043e\u0441\u043a\u0432\u0430<\/p>\n","protected":false},"author":1,"featured_media":0,"parent":0,"menu_order":0,"comment_status":"closed","ping_status":"closed","template":"","meta":{"footnotes":""},"class_list":["post-543","page","type-page","status-publish","hentry"],"_links":{"self":[{"href":"https:\/\/www.zitos.sk\/karavaning\/wp-json\/wp\/v2\/pages\/543","targetHints":{"allow":["GET"]}}],"collection":[{"href":"https:\/\/www.zitos.sk\/karavaning\/wp-json\/wp\/v2\/pages"}],"about":[{"href":"https:\/\/www.zitos.sk\/karavaning\/wp-json\/wp\/v2\/types\/page"}],"author":[{"embeddable":true,"href":"https:\/\/www.zitos.sk\/karavaning\/wp-json\/wp\/v2\/users\/1"}],"replies":[{"embeddable":true,"href":"https:\/\/www.zitos.sk\/karavaning\/wp-json\/wp\/v2\/comments?post=543"}],"version-history":[{"count":101,"href":"https:\/\/www.zitos.sk\/karavaning\/wp-json\/wp\/v2\/pages\/543\/revisions"}],"predecessor-version":[{"id":23609,"href":"https:\/\/www.zitos.sk\/karavaning\/wp-json\/wp\/v2\/pages\/543\/revisions\/23609"}],"wp:attachment":[{"href":"https:\/\/www.zitos.sk\/karavaning\/wp-json\/wp\/v2\/media?parent=543"}],"curies":[{"name":"wp","href":"https:\/\/api.w.org\/{rel}","templated":true}]}}